 = 0, 5*w + 2*i - 101 = 0. Suppose -d - 17 = -3*h, 3*h + d - w = -2. What is the hundreds digit of 83*2 + h/3?
1
Suppose 5*t + 5*t - 50900 = 0. Suppose -409*a = -404*a - t. What is the units digit of a?
8
What is the units digit of (13248/54 - 9)*(-30)/(-2)?
5
Suppose -350 = -3*n - 11*n. What is the hundreds digit of ((-8)/(-10))/(n/9500)?
3
What is the tens digit of (-746)/(4 - (-464)/(-112))?
2
Let h = 296 - -221. Let a = -332 + h. What is the tens digit of a?
8
Let t(u) = 285*u + 13005. What is the ten thousands digit of t(161)?
5
Suppose 2*i + 141*h = 144*h + 7392, 0 = -i + h + 3698. What is the thousands digit of i?
3
Let v = 106 - 96. Suppose -7*y = -v*y + 12. What is the units digit of 8/y - (-3 + 4)*-52?
4
Suppose 3*n - 26 = 2*q + 2*q, q = 4*n - 13. Suppose 4*l + 86 = -n*a, 5*l + 51 = a - 60. Let h = l - -62. What is the tens digit of h?
4
Let l(u) = -10*u - 12. Let s(v) = -v + 5. Let t(c) = -l(c) + 2*s(c). Let m be (-3)/(-2 - 13/(-8)). What is the tens digit of t(m)?
8
Let h(x) = 17*x - 242*x**2 + 16*x + 0*x + 245*x**2 + 68. What is the units digit of h(-21)?
8
Suppose -6*j = 6*j - 24. Suppose -5*p + 6344 = 4*s, p - 5*s = -j*p + 3836. Suppose -876 = -12*t + p. What is the units digit of t?
9
What is the units digit of -7 + (-3440)/(-496) - 112377/(-31)?
5
Suppose -387*q = -385*q - 4. Suppose 0 = 3*s - t - 236, -5*s + 138 = -q*t - 256. What is the tens digit of s?
7
Let m = -847 - -868. Suppose 3*l + m*o - 184 = 16*o, -2*l - 4*o = -122. What is the units digit of l?
3
Let h = -84 - -30. Let t = 60 + h. What is the units digit of 408/9 + t/9?
6
Let j(a) = 3*a**2 - 17*a - 29. Let z be j(7). What is the hundreds digit of ((-15)/10)/(((-6)/(-1264))/z)?
3
Suppose -2*b = 4*h - 6, 11 = 2*b - 5*h - 4. Suppose b*u - 4*n = 2920, -9*n + 14*n = 3*u - 1752. What is the hundreds digit of u?
5
Suppose -u + 42 = r, -u + r - 3 = -39. Suppose 15*z + 1944 = u*z. What is the units digit of z?
1
Let m = -56 + 67. Suppose -m*i + 21*i = 2870. Let y = -108 + i. What is the tens digit of y?
7
Suppose 0 = -11*v + 9*v + 1460. What is the units digit of ((-39)/(-4))/13 + v/8?
2
Let s = -13 - -22. Let a(j) = -j**2 - 10*j + 61. Let d(u) = u**2 - 22. Let k(f) = a(f) + 2*d(f). What is the units digit of k(s)?
8
What is the thousands digit of 4/(-1)*(-20275)/50?
1
Suppose 1949*a - 194560 = 1909*a. What is the tens digit of a?
6
Let y(d) = 5*d - 37. Let o be y(8). Suppose -o*x + 1152 = l, -13 = -2*x + 4*l + 741. What is the tens digit of x?
8
Suppose s + r = 0, 5*s - r = -0*s + 12. What is the units digit of (-32)/((2/s)/((-25)/10))?
0
Let y = 66 + -40. Let c = -109 - -133. What is the units digit of y - c - (-20)/(3 - 1)?
2
Let p = -87 - -52. Suppose 3*a = 4*a - 19. Let w = a - p. What is the units digit of w?
4
Suppose 12*o = 6*o + 10356. Suppose 7*m - o + 11 = 0. What is the units digit of m?
5
Let a be 23/(-5) + (-9)/(-15). Let p = 3 + a. What is the tens digit of (2 + p)/(2/146)?
7
Suppose 2*f = 8, -12*z - 8*f + 4*f = -3844. What is the hundreds digit of z?
3
Let z(q) = q**3 - 9*q**2 - 9*q. Let m be z(6). Let y = 348 + m. What is the hundreds digit of y?
1
Suppose 2*c - 2 + 26 = -4*b, 5*c + 2*b = -20. What is the tens digit of 3 + (c + 66)*2?
3
Let o(m) = -1251*m - 2620. What is the ten thousands digit of o(-18)?
1
Let y(p) = -5*p - 24. Let f be y(-5). Let t be 1/(-2 + (4 - f)). Let m(q) = 116*q - 1. What is the units digit of m(t)?
5
Suppose -10*v + 5*v = 15*v. Let r(h) = -h**2 - 3*h + 1342. What is the thousands digit of r(v)?
1
Let a = -4014 + 8803. What is the thousands digit of a?
4
Suppose 4*z + d + 381 = 0, z + 0*z = 2*d - 84. Let i = z - -1257. What is the tens digit of i?
6
Suppose 28*a - 5*a - 13862 - 248292 = 0. What is the ten thousands digit of a?
1
Let t(h) be the first derivative of h**2/2 - h - 10. Let f(j) = 6*j - 73. Let m(q) = -f(q) + 2*t(q). What is the units digit of m(0)?
1
Let t(p) = 2*p**2 - 5*p + 2. Let a be ((-4)/10)/(2/(-30)). Suppose 3*u - 24 = a*u. What is the units digit of t(u)?
0
Suppose -12 = -4*l, -2*l = -3*c - 6*l - 825. Let a be c/(-3 - ((-30)/4)/5). Suppose a + 56 = 2*r + 3*f, 0 = -r + 3*f + 121. What is the tens digit of r?
2
Let n(c) be the third derivative of -c**6/20 - 3*c**5/20 - 7*c**4/12 - 31*c**3/6 - c**2 - 46. What is the tens digit of n(-5)?
6
What is the units digit of (-1787680)/(-60) - 12/18?
4
Let q be 6658*1/2 + -4 + 9. Suppose -2*p = -p + 3*a - 656, -5*p = -3*a - q. What is the hundreds digit of p?
6
Let x(m) be the second derivative of 23*m + 3/2*m**2 + 1/20*m**5 + 0 - 1/4*m**4 + 5/6*m**3. What is the tens digit of x(5)?
7
Suppose 3*s = -2*h - 150, -22 = 4*s - 3*h + 195. What is the units digit of 4 - (s/(-65))/((-1)/35)?
2
Let k = -234 + 228. What is the tens digit of k - -9 - ((4 - 2) + -232)?
3
What is the tens digit of (-44)/(-242) + (9/(-12))/((-66)/939384)?
7
Let v(d) = d**2 + 17*d - 6. Suppose 9*z - 10*z = t - 11, -3*t - 15 = -z. What is the hundreds digit of v(z)?
3
Suppose -195 = 37*j + 226 + 23. Let a(x) be the second derivative of -x**5/20 - 5*x**4/6 + 7*x**3/6 - 7*x**2 + x. What is the tens digit of a(j)?
9
Suppose 0*h - 3*h = -4*m - 43008, -2*m = 5*h - 71706. What is the tens digit of h?
4
Let u = -583 + 999. Suppose 4*b - 1164 = -u. Let l = b - -12. What is the tens digit of l?
9
Suppose 4*y - r - 87260 = 0, -18*r = -13*r + 20. What is the thousands digit of y?
1
Let i(d) = d**2 + 4*d + 42. Let s be i(7). Let a = s + -114. What is the hundreds digit of (-149)/(-1*(-4 + a))?
1
Suppose v - 102 = -100. Suppose -4*l - 5*s + 4896 = 0, 3*s + 746 = v*l - 1702. Suppose -f = 5*f - l. What is the hundreds digit of f?
2
Let d(y) = -y**3 + 4*y**2 + 88*y + 4. Suppose -9*k + 4*k - 65 = 0. What is the thousands digit of d(k)?
1
Let c(l) = 5*l. Let k be ((-4)/(-7))/(18/63). Let f(m) = m**2 - 4*m. Let g(j) = k*f(j) + 3*c(j). What is the units digit of g(3)?
9
Let k(z) be the second derivative of -z**5/20 - 7*z**4/12 + z**3/2 + 5*z**2 - 42*z. Let s be k(-9). Let c = -103 + s. What is the tens digit of c?
4
Let k(z) be the first derivative of -5*z**4/4 - 2*z**3/3 - 17*z**2 - 14. Let r(h) be the second derivative of k(h). What is the units digit of r(-2)?
6
Suppose 5*p + 5*g = 3*p + 17689, -p - 2*g + 8841 = 0. What is the units digit of p?
7
Let q = 1524 - 1057. Let s(x) = -x**2 - 5*x - 42. Let g be s(-18). Let f = q + g. What is the tens digit of f?
9
What is the thousands digit of 1822/(-20)*(-83810)/493?
5
Suppose -92*v = 31*v - 15867. What is the tens digit of v?
2
Let j(z) = z**2 - 46*z + 21. Let s be j(18). Let v = s - -818. What is the hundreds digit of v?
3
Let u = -19213 + 19732. What is the hundreds digit of u?
5
Suppose -4*g = 4*y + 4, 4*g = 9*g - 4*y + 5. What is the units digit of g - (-1 + (-1465 - 6))?
1
Let a(c) = 67*c**2 - 73*c + 22. What is the hundreds digit of a(8)?
7
Suppose 3*z = -5 + 11. Suppose 0 = -5*n + 25, -113 - 17 = -4*m + z*n. What is the units digit of (m - -3) + (-5 - (-2 - 0))?
5
Let a(v) = -v**3 - 4*v**2 + 2*v + 4. Let b be a(6). What is the units digit of (-129)/b + (-877)/(-8)?
0
Let l be (214/(-3))/(2 - 16/12). Let w = 187 + l. What is the tens digit of w?
8
Suppose h = -4*t - 0 + 1, -22 = -3*t - 5*h. Let z be -2 + t - (-1 - (-194)/(-2)). Let a = z + 56. What is the units digit of a?
1
Let y be (-4)/(-7 + (-6 - -11)). Suppose 0 = -v - 3, -2*v = y*d - 915 - 213. What is the hundreds digit of d?
5
Let t = 59 + -43. Suppose -x + 5*x = -4*n, 3*x - n = t. Suppose -421 = -x*p + 259. What is the tens digit of p?
7
Let x = -5901 + 45386. What is the ten thousands digit of x?
3
Suppose -3322 = 5*u - 3*t - t, 3*u + 2001 = 5*t. Let n = u + 1117. What is the hundreds digit of n?
4
Let x(u) = 19*u**3 + u**2 + 6*u - 6. Let t be x(1). Let s = 129 - t. What is the tens digit of s?
0
Let p(t) = -t**3 - 68*t**2 - 195*t - 116. What is the tens digit of p(-67)?
6
Let b = 18846 + -12684. What is the units digit of b?
2
What is the thousands digit of (748/(-10) - (-7)/(-35))/((-32)/12448)?
9
Let s(f) = f**3 + 13*f**2 - 17*f + 15. Let a be s(-14). Suppose 55 = -z + 5*b + 5, 4*z + 4*b = -272. Let o = a - z. What is the hundreds digit of o?
1
Let p(c) = -311*c + 3223. What is the thousands digit of p(-18)?
8
Let q = -53 + 34. Let k = 389 - q. What is the units digit of k?
8
Suppose 3*p = 4*d + 99834,